s the remainder when 200 is divided by 101?
99
What is the remainder when 21 is divided by 8?
5
What is the remainder when 20472 is divided by 225?
222
What is the remainder when 17661 is divided by 46?
43
Calculate the remainder when 146 is divided by 17.
10
What is the remainder when 573 is divided by 82?
81
Calculate the remainder when 175 is divided by 23.
14
Calculate the remainder when 73 is divided by 66.
7
What is the remainder when 1051 is divided by 117?
115
Calculate the remainder when 1081 is divided by 357.
10
Calculate the remainder when 3564 is divided by 108.
0
Calculate the remainder when 25 is divided by 5.
0
What is the remainder when 1469 is divided by 49?
48
What is the remainder when 2039 is divided by 51?
50
Calculate the remainder when 1882 is divided by 35.
27
What is the remainder when 84 is divided by 32?
20
What is the remainder when 5090 is divided by 76?
74
What is the remainder when 111 is divided by 30?
21
What is the remainder when 52 is divided by 14?
10
Calculate the remainder when 365 is divided by 41.
37
What is the remainder when 412 is divided by 32?
28
What is the remainder when 219 is divided by 9?
3
Calculate the remainder when 421 is divided by 85.
81
Calculate the remainder when 319 is divided by 32.
31
What is the remainder when 2005 is divided by 59?
58
Calculate the remainder when 3373 is divided by 241.
240
What is the remainder when 98320 is divided by 21?
19
Calculate the remainder when 11600 is divided by 55.
50
What is the remainder when 24766 is divided by 47?
44
What is the remainder when 921 is divided by 297?
30
Calculate the remainder when 959 is divided by 16.
15
Calculate the remainder when 1628 is divided by 77.
11
Calculate the remainder when 349 is divided by 345.
4
Calculate the remainder when 84 is divided by 18.
12
What is the remainder when 3791 is divided by 424?
399
What is the remainder when 4240 is divided by 112?
96
What is the remainder when 830 is divided by 42?
32
Calculate the remainder when 958 is divided by 69.
61
Calculate the remainder when 50 is divided by 38.
12
What is the remainder when 207 is divided by 26?
25
What is the remainder when 469 is divided by 79?
74
What is the remainder when 43699 is divided by 50?
49
Calculate the remainder when 40 is divided by 23.
17
Calculate the remainder when 332 is divided by 111.
110
What is the remainder when 769 is divided by 18?
13
Calculate the remainder when 639 is divided by 206.
21
Calculate the remainder when 2589 is divided by 130.
119
Calculate the remainder when 2711 is divided by 59.
56
Calculate the remainder when 626 is divided by 57.
56
Calculate the remainder when 2390 is divided by 62.
34
Calculate the remainder when 508 is divided by 131.
115
Calculate the remainder when 687 is divided by 6.
3
What is the remainder when 1280 is divided by 89?
34
What is the remainder when 1307 is divided by 54?
11
Calculate the remainder when 3563 is divided by 20.
3
Calculate the remainder when 557 is divided by 41.
24
Calculate the remainder when 7498 is divided by 100.
98
What is the remainder when 326 is divided by 95?
41
Calculate the remainder when 33 is divided by 23.
10
What is the remainder when 3033 is divided by 66?
63
What is the remainder when 753 is divided by 184?
17
What is the remainder when 17817 is divided by 118?
117
What is the remainder when 849 is divided by 262?
63
What is the remainder when 70 is divided by 58?
12
What is the remainder when 109 is divided by 19?
14
What is the remainder when 598 is divided by 20?
18
Calculate the remainder when 73 is divided by 11.
7
Calculate the remainder when 1329 is divided by 164.
17
Calculate the remainder when 370 is divided by 35.
20
What is the remainder when 5820 is divided by 82?
80
Calculate the remainder when 217 is divided by 20.
17
What is the remainder when 272 is divided by 55?
52
Calculate the remainder when 374 is divided by 75.
74
Calculate the remainder when 838 is divided by 38.
2
Calculate the remainder when 1577 is divided by 225.
2
Calculate the remainder when 93 is divided by 48.
45
Calculate the remainder when 135 is divided by 17.
16
Calculate the remainder when 267 is divided by 257.
10
Calculate the remainder when 1111 is divided by 457.
197
Calculate the remainder when 71 is divided by 12.
11
Calculate the remainder when 829 is divided by 52.
49
What is the remainder when 84 is divided by 17?
16
Calculate the remainder when 931 is divided by 13.
8
Calculate the remainder when 1968 is divided by 94.
88
Calculate the remainder when 1374 is divided by 43.
41
What is the remainder when 1236 is divided by 135?
21
What is the remainder when 1596 is divided by 790?
16
Calculate the remainder when 295 is divided by 103.
89
Calculate the remainder when 27297 is divided by 260.
257
What is the remainder when 1436 is divided by 39?
32
Calculate the remainder when 7763 is divided by 23.
12
Calculate the remainder when 605 is divided by 32.
29
Calculate the remainder when 791 is divided by 18.
17
Calculate the remainder when 636 is divided by 171.
123
Calculate the remainder when 1166 is divided by 13.
9
Calculate the remainder when 547 is divided by 10.
7
Calculate the remainder when 77 is divided by 3.
2
What is the remainder when 582 is divided by 15?
12
Calculate the remainder when 68 is divided by 33.
2
What is the remainder when 3859 is divided by 29?
2
Calculate the remainder when 1107 is divided by 114.
81
Calculate the remainder when 465 is divided by 35.
10
Calculate the remainder when 1633 is divided by 205.
198
Calculate the remainder when 30 is divided by 24.
6
Calculate the remainder when 993 is divided by 125.
118
Calculate the remainder when 68 is divided by 10.
8
What is the remainder when 241 is divided by 16?
1
Calculate the remainder when 1264 is divided by 12.
4
What is the remainder when 213 is divided by 6?
3
Calculate the remainder when 15 is divided by 10.
5
What is the remainder when 64 is divided by 6?
4
What is the remainder when 1117 is divided by 14?
11
Calculate the remainder when 2391 is divided by 133.
130
Calculate the remainder when 608 is divided by 120.
8
Calculate the remainder when 473 is divided by 288.
185
Calculate the remainder when 383 is divided by 64.
63
Calculate the remainder when 10588 is divided by 30.
28
What is the remainder when 6786 is divided by 27?
9
What is the remainder when 62 is divided by 14?
6
Calculate the remainder when 4538 is divided by 89.
88
Calculate the remainder when 248 is divided by 12.
8
What is the remainder when 15938 is divided by 63?
62
What is the remainder when 3433 is divided by 53?
41
What is the remainder when 75 is divided by 3?
0
Calculate the remainder when 340 is divided by 49.
46
What is the remainder when 2278 is divided by 2272?
6
What is the remainder when 2720 is divided by 542?
10
What is the remainder when 123 is divided by 18?
15
What is the remainder when 87 is divided by 53?
34
Calculate the remainder when 62 is divided by 15.
2
What is the remainder when 48 is divided by 27?
21
What is the remainder when 191 is divided by 151?
40
Calculate the remainder when 160 is divided by 73.
14
What is the remainder when 401 is divided by 31?
29
What is the remainder when 482 is divided by 98?
90
Calculate the remainder when 1649 is divided by 118.
115
Calculate the remainder when 2016 is divided by 123.
48
What is the remainder when 880 is divided by 208?
48
What is the remainder when 2044 is divided by 62?
60
What is the remainder when 3359 is divided by 18?
11
What is the remainder when 260 is divided by 93?
74
What is the remainder when 4359 is divided by 29?
9
What is the remainder when 1142 is divided by 22?
20
Calculate the remainder when 530 is divided by 7.
5
Calculate the remainder when 2168 is divided by 129.
104
Calculate the remainder when 4557 is divided by 47.
45
Calculate the remainder when 40 is divided by 24.
16
Calculate the remainder when 3399 is divided by 25.
24
What is the remainder when 236 is divided by 42?
26
Calculate the remainder when 354 is divided by 195.
159
What is the remainder when 3396 is divided by 243?
237
What is the remainder when 132 is divided by 22?
0
What is the remainder when 54 is divided by 10?
4
Calculate the r